{"id":386,"date":"2026-04-30T19:48:04","date_gmt":"2026-04-30T19:48:04","guid":{"rendered":"https:\/\/rendaextravirtual.com.br\/blog\/?page_id=386"},"modified":"2026-04-30T20:46:46","modified_gmt":"2026-04-30T20:46:46","slug":"home-2","status":"publish","type":"page","link":"https:\/\/rendaextravirtual.com.br\/blog\/home-2\/","title":{"rendered":"Home 2"},"content":{"rendered":"\n<div style=\"height:100px\" aria-hidden=\"true\" class=\"wp-block-spacer\"><\/div>\n\n\n\n<div class=\"wp-block-media-text has-media-on-the-right is-stacked-on-mobile\"><div class=\"wp-block-media-text__content\">\n<h2 class=\"wp-block-heading\">TRANSFORME SUA PAIX\u00c3O EM UM NEG\u00d3CIO DIGITAL DE ALTO N\u00cdVEL<\/h2>\n\n\n\n<div style=\"height:15px\" aria-hidden=\"true\" class=\"wp-block-spacer\"><\/div>\n\n\n\n<h4 class=\"wp-block-heading\">Criamos sites profissionais e estrat\u00e9gicos para atrair clientes qualificados e escalar sua autoridade.<\/h4>\n\n\n\n<div style=\"height:30px\" aria-hidden=\"true\" class=\"wp-block-spacer\"><\/div>\n\n\n\n<div class=\"wp-block-buttons is-content-justification-left is-layout-flex wp-container-core-buttons-is-layout-fc4fd283 wp-block-buttons-is-layout-flex\">\n<div class=\"wp-block-button is-style-fill\"><a class=\"wp-block-button__link has-text-align-left wp-element-button\" style=\"border-top-left-radius:30px;border-top-right-radius:30px;border-bottom-left-radius:30px;border-bottom-right-radius:30px\">Quero Meu Site Profissional<\/a><\/div>\n<\/div>\n<\/div><figure class=\"wp-block-media-text__media\"><img fetchpriority=\"high\" decoding=\"async\" width=\"1024\" height=\"683\" src=\"https:\/\/rendaextravirtual.com.br\/blog\/wp-content\/uploads\/2026\/04\/ChatGPT-Image-13-de-abr.-de-2026-15_13_50-1024x683.png\" alt=\"\" class=\"wp-image-157 size-full\" srcset=\"https:\/\/rendaextravirtual.com.br\/blog\/wp-content\/uploads\/2026\/04\/ChatGPT-Image-13-de-abr.-de-2026-15_13_50-1024x683.png 1024w, https:\/\/rendaextravirtual.com.br\/blog\/wp-content\/uploads\/2026\/04\/ChatGPT-Image-13-de-abr.-de-2026-15_13_50-300x200.png 300w, https:\/\/rendaextravirtual.com.br\/blog\/wp-content\/uploads\/2026\/04\/ChatGPT-Image-13-de-abr.-de-2026-15_13_50-768x512.png 768w, https:\/\/rendaextravirtual.com.br\/blog\/wp-content\/uploads\/2026\/04\/ChatGPT-Image-13-de-abr.-de-2026-15_13_50.png 1536w\" sizes=\"(max-width: 1024px) 100vw, 1024px\" \/><\/figure><\/div>\n\n\n\n<div style=\"height:50px\" aria-hidden=\"true\" class=\"wp-block-spacer\"><\/div>\n\n\n<ul style=\"border-top-left-radius:0px;border-top-right-radius:0px;border-bottom-left-radius:0px;border-bottom-right-radius:0px;border-style:none;border-width:0px;\" class=\"wp-block-latest-posts__list is-grid columns-3 wp-block-latest-posts has-small-font-size\"><li><div class=\"wp-block-latest-posts__featured-image\"><img decoding=\"async\" width=\"300\" height=\"242\" src=\"https:\/\/rendaextravirtual.com.br\/blog\/wp-content\/uploads\/2026\/04\/unnamed-300x242.jpg\" class=\"attachment-medium size-medium wp-post-image\" alt=\"\" style=\"\" srcset=\"https:\/\/rendaextravirtual.com.br\/blog\/wp-content\/uploads\/2026\/04\/unnamed-300x242.jpg 300w, https:\/\/rendaextravirtual.com.br\/blog\/wp-content\/uploads\/2026\/04\/unnamed.jpg 500w\" sizes=\"(max-width: 300px) 100vw, 300px\" \/><\/div><a class=\"wp-block-latest-posts__post-title\" href=\"https:\/\/rendaextravirtual.com.br\/blog\/hb\/\">Estrutura Profissional: Como Criar Modelos e P\u00e1ginas Essenciais<\/a><div class=\"wp-block-latest-posts__post-excerpt\">Vamos dar forma ao seu projeto! Utilizando modelos prontos e o poder da IA, voc\u00ea vai criar toda a Estrutura\u2026 <a class=\"wp-block-latest-posts__read-more\" href=\"https:\/\/rendaextravirtual.com.br\/blog\/hb\/\" rel=\"noopener noreferrer\">Leia mais<span class=\"screen-reader-text\">: Estrutura Profissional: Como Criar Modelos e P\u00e1ginas Essenciais<\/span><\/a><\/div><\/li>\n<li><div class=\"wp-block-latest-posts__featured-image\"><img decoding=\"async\" width=\"300\" height=\"242\" src=\"https:\/\/rendaextravirtual.com.br\/blog\/wp-content\/uploads\/2026\/04\/0d0937ed-a46a-4cb1-90d6-ed545e0e20ec-300x242.jpg\" class=\"attachment-medium size-medium wp-post-image\" alt=\"\" style=\"\" srcset=\"https:\/\/rendaextravirtual.com.br\/blog\/wp-content\/uploads\/2026\/04\/0d0937ed-a46a-4cb1-90d6-ed545e0e20ec-300x242.jpg 300w, https:\/\/rendaextravirtual.com.br\/blog\/wp-content\/uploads\/2026\/04\/0d0937ed-a46a-4cb1-90d6-ed545e0e20ec.jpg 500w\" sizes=\"(max-width: 300px) 100vw, 300px\" \/><\/div><a class=\"wp-block-latest-posts__post-title\" href=\"https:\/\/rendaextravirtual.com.br\/blog\/7-habitos-simples-que-fazem-voce-ganhar-horas-livres-sem-perceber\/\">7 h\u00e1bitos simples que fazem voc\u00ea ganhar horas livres sem perceber<\/a><div class=\"wp-block-latest-posts__post-excerpt\">Voc\u00ea est\u00e1 ocupado\u2026 mas n\u00e3o produtivo Se voc\u00ea sente que o dia passa voando, vive apagando inc\u00eandios e, mesmo assim,\u2026 <a class=\"wp-block-latest-posts__read-more\" href=\"https:\/\/rendaextravirtual.com.br\/blog\/7-habitos-simples-que-fazem-voce-ganhar-horas-livres-sem-perceber\/\" rel=\"noopener noreferrer\">Leia mais<span class=\"screen-reader-text\">: 7 h\u00e1bitos simples que fazem voc\u00ea ganhar horas livres sem perceber<\/span><\/a><\/div><\/li>\n<li><div class=\"wp-block-latest-posts__featured-image\"><img loading=\"lazy\" decoding=\"async\" width=\"300\" height=\"242\" src=\"https:\/\/rendaextravirtual.com.br\/blog\/wp-content\/uploads\/2026\/04\/d0015e8c-4a7b-4ce8-8ba7-b6a65a2f3d10-300x242.jpg\" class=\"attachment-medium size-medium wp-post-image\" alt=\"\" style=\"\" srcset=\"https:\/\/rendaextravirtual.com.br\/blog\/wp-content\/uploads\/2026\/04\/d0015e8c-4a7b-4ce8-8ba7-b6a65a2f3d10-300x242.jpg 300w, https:\/\/rendaextravirtual.com.br\/blog\/wp-content\/uploads\/2026\/04\/d0015e8c-4a7b-4ce8-8ba7-b6a65a2f3d10.jpg 500w\" sizes=\"(max-width: 300px) 100vw, 300px\" \/><\/div><a class=\"wp-block-latest-posts__post-title\" href=\"https:\/\/rendaextravirtual.com.br\/blog\/como-parar-de-procrastinar-mesmo-sem-forca-de-vontade\/\">Como parar de procrastinar mesmo sem for\u00e7a de vontade<\/a><div class=\"wp-block-latest-posts__post-excerpt\">Voc\u00ea n\u00e3o \u00e9 pregui\u00e7oso \u2014 s\u00f3 est\u00e1 travado Se voc\u00ea j\u00e1 terminou o dia com a sensa\u00e7\u00e3o de \u201ceu devia\u2026 <a class=\"wp-block-latest-posts__read-more\" href=\"https:\/\/rendaextravirtual.com.br\/blog\/como-parar-de-procrastinar-mesmo-sem-forca-de-vontade\/\" rel=\"noopener noreferrer\">Leia mais<span class=\"screen-reader-text\">: Como parar de procrastinar mesmo sem for\u00e7a de vontade<\/span><\/a><\/div><\/li>\n<\/ul>\n\n\n<div style=\"height:50px\" aria-hidden=\"true\" class=\"wp-block-spacer\"><\/div>\n\n\n\n<p><\/p>\n","protected":false},"excerpt":{"rendered":"","protected":false},"author":1,"featured_media":0,"parent":0,"menu_order":0,"comment_status":"closed","ping_status":"closed","template":"elementor_header_footer","meta":{"site-sidebar-layout":"default","site-content-layout":"","ast-site-content-layout":"normal-width-container","site-content-style":"default","site-sidebar-style":"default","ast-global-header-display":"","ast-banner-title-visibility":"","ast-main-header-display":"","ast-hfb-above-header-display":"","ast-hfb-below-header-display":"","ast-hfb-mobile-header-display":"","site-post-title":"","ast-breadcrumbs-content":"","ast-featured-img":"","footer-sml-layout":"","ast-disable-related-posts":"","theme-transparent-header-meta":"","adv-header-id-meta":"","stick-header-meta":"","header-above-stick-meta":"","header-main-stick-meta":"","header-below-stick-meta":"","astra-migrate-meta-layouts":"default","ast-page-background-enabled":"default","ast-page-background-meta":{"desktop":{"background-color":"var(--ast-global-color-5)","background-image":"","background-repeat":"repeat","background-position":"center center","background-size":"auto","background-attachment":"scroll","background-type":"","background-media":"","overlay-type":"","overlay-color":"","overlay-opacity":"","overlay-gradient":""},"tablet":{"background-color":"","background-image":"","background-repeat":"repeat","background-position":"center center","background-size":"auto","background-attachment":"scroll","background-type":"","background-media":"","overlay-type":"","overlay-color":"","overlay-opacity":"","overlay-gradient":""},"mobile":{"background-color":"","background-image":"","background-repeat":"repeat","background-position":"center center","background-size":"auto","background-attachment":"scroll","background-type":"","background-media":"","overlay-type":"","overlay-color":"","overlay-opacity":"","overlay-gradient":""}},"ast-content-background-meta":{"desktop":{"background-color":"var(--ast-global-color-4)","background-image":"","background-repeat":"repeat","background-position":"center center","background-size":"auto","background-attachment":"scroll","background-type":"","background-media":"","overlay-type":"","overlay-color":"","overlay-opacity":"","overlay-gradient":""},"tablet":{"background-color":"var(--ast-global-color-4)","background-image":"","background-repeat":"repeat","background-position":"center center","background-size":"auto","background-attachment":"scroll","background-type":"","background-media":"","overlay-type":"","overlay-color":"","overlay-opacity":"","overlay-gradient":""},"mobile":{"background-color":"var(--ast-global-color-4)","background-image":"","background-repeat":"repeat","background-position":"center center","background-size":"auto","background-attachment":"scroll","background-type":"","background-media":"","overlay-type":"","overlay-color":"","overlay-opacity":"","overlay-gradient":""}},"footnotes":""},"class_list":["post-386","page","type-page","status-publish","hentry"],"_links":{"self":[{"href":"https:\/\/rendaextravirtual.com.br\/blog\/wp-json\/wp\/v2\/pages\/386","targetHints":{"allow":["GET"]}}],"collection":[{"href":"https:\/\/rendaextravirtual.com.br\/blog\/wp-json\/wp\/v2\/pages"}],"about":[{"href":"https:\/\/rendaextravirtual.com.br\/blog\/wp-json\/wp\/v2\/types\/page"}],"author":[{"embeddable":true,"href":"https:\/\/rendaextravirtual.com.br\/blog\/wp-json\/wp\/v2\/users\/1"}],"replies":[{"embeddable":true,"href":"https:\/\/rendaextravirtual.com.br\/blog\/wp-json\/wp\/v2\/comments?post=386"}],"version-history":[{"count":9,"href":"https:\/\/rendaextravirtual.com.br\/blog\/wp-json\/wp\/v2\/pages\/386\/revisions"}],"predecessor-version":[{"id":410,"href":"https:\/\/rendaextravirtual.com.br\/blog\/wp-json\/wp\/v2\/pages\/386\/revisions\/410"}],"wp:attachment":[{"href":"https:\/\/rendaextravirtual.com.br\/blog\/wp-json\/wp\/v2\/media?parent=386"}],"curies":[{"name":"wp","href":"https:\/\/api.w.org\/{rel}","templated":true}]}}